ns digit of (d + -2*4)*-3?
2
Let u = -2 + 27. Let v = -11 - -1. Let n = v + u. What is the units digit of n?
5
What is the hundreds digit of 90/(-60)*(-1138)/3?
5
Let v(h) = h - 3*h - 30 + 3*h. Let g be v(0). Let f = 46 + g. What is the tens digit of f?
1
Suppose 7*o - 378 = 6916. What is the units digit of o?
2
What is the units digit of (-291 + -3)*-4*(-15)/(-40)?
1
Let f = -83 + 117. Suppose 7*j = 9*j - f. What is the tens digit of j?
1
Let s be 481/(-26) + 1/(-2). Let o = s + 19. Suppose -70 = -5*g - o. What is the units digit of g?
4
Let s = -509 - -902. What is the tens digit of s?
9
Suppose 3*n + 8 = 7*n. Suppose 3*j + 2*w + 6 = 0, 4*w = -2*j - 0*j - 12. Suppose j = -4*p + n + 90. What is the units digit of p?
3
Let p(o) = o**3 - 4*o**2 - 2*o - 1. Let a = -22 - -27. Let c be p(a). Suppose -11 - c = -n. What is the tens digit of n?
2
Suppose 50693 = 34*u - 9453. What is the tens digit of u?
6
Suppose -182 - 410 = -t - 2*o, -5*t + 2978 = 4*o. What is the hundreds digit of t?
5
Let y = 140 + -144. Let x(v) = -5*v**3 - 3*v**2 - 2*v - 3. What is the units digit of x(y)?
7
Let h(r) be the first derivative of r**3/3 + 11*r**2/2 - 25*r + 17. What is the tens digit of h(-14)?
1
Suppose 0 = q - 1 - 2. Suppose 16 = -q*x - 5. Let w = 13 + x. What is the units digit of w?
6
Let u = -46 + 82. Suppose 7*z - 10*z + u = 0. What is the units digit of z?
2
Let d(v) = -v + 1. Let f be d(1). Suppose 2*y - 6*y = f. Suppose 0 = -a - y*a + 11. What is the tens digit of a?
1
Suppose -11 - 109 = -4*x. Let q(k) = -4*k**3 + 2*k**2 + k. Let r be q(-1). Suppose r*f - x = z - 6*z, f = -3*z. What is the units digit of f?
9
Let l(c) = -93*c + 87. What is the hundreds digit of l(-13)?
2
Let i be 3/2 - 7/(-14). Let u = 2 - i. Suppose -3*z - z + 32 = u. What is the units digit of z?
8
Let i = 4526 + -2896. What is the hundreds digit of i?
6
Suppose -3*l = 9, 2*l - 5 = -2*x + 25. Let t(i) = 5*i**2 - i. Let b be t(-1). Suppose -s + b = -x. What is the tens digit of s?
2
Suppose -83 + 23 = -5*d. Let k = -8 + d. What is the units digit of k?
4
Suppose -2*x + x - 27 = -2*z, 3*x + 25 = 2*z. What is the tens digit of z?
1
Let g(p) = p**2 - 9*p + 21. Let x be g(6). Suppose -n - 405 = -5*n - x*u, -5*u + 80 = n. What is the tens digit of n?
0
Suppose 181 + 171 = 4*l. Suppose 22*g = 20*g + l. What is the units digit of g?
4
Let z be (3/(-12)*0)/(-2). Suppose z = -12*t + 17*t - 205. Suppose -5*h + t = -14. What is the units digit of h?
1
Let i = 27 - 29. Let k = 62 - i. What is the tens digit of k?
6
Let x(j) = 28 + 10 - 3 + 24*j. What is the tens digit of x(8)?
2
What is the units digit of (-1 - 3)/(11 + (-161)/14)?
8
What is the thousands digit of -5782*6/(-30) - (-9)/15?
1
Suppose -6267 = -5*u + 3*i, 222*i = 223*i - 1. What is the thousands digit of u?
1
Let w be 2/(-6) + (-180)/27. What is the hundreds digit of w + 6 - (-2)/2 - -106?
1
Let t be -3*(5/3)/5. Let s be (4/(-10))/(t/10). Suppose -v - 4*o + 30 = -0*v, 4*v + s*o - 72 = 0. What is the units digit of v?
4
Let q be 5 - (1 - (2 + -1)). Suppose -p = -3*u + p + 6, 2*u = 3*p + 9. Suppose u = 5*y + q*o - 50, -y + 0*o - 3*o = -4. What is the tens digit of y?
1
Suppose 0 = -53*q - 10867 + 53267. What is the units digit of q?
0
Suppose 4*z + 0 - 4 = 0. Suppose 4*m + 3*n - 27 = 0, 0*m = m + n - 7. What is the tens digit of ((-39)/(-9))/z*m?
2
Suppose 8*g = 11*g - 219. Suppose -g = -5*x + 532. What is the units digit of x?
1
Suppose 0*k = 5*k - 10. What is the tens digit of k/6*-3*-49?
4
Let v be 2/(-3*(-2)/12). Suppose -v*a = -8*a + 16. Suppose -a*n + 0 + 12 = 0. What is the units digit of n?
3
Suppose 3*u + 22 = -t + 517, 1970 = 4*t + 2*u. What is the hundreds digit of t?
4
Let p = -62 + 22. Let k(m) = -m**3 - 4*m**2 + 5. Let t be k(-4). What is the units digit of 124*t/(p/(-4))?
2
Let d = 4 - 1. Suppose 3*v + 0*v = 0, -5*v - 24 = -3*p. What is the units digit of 3*(p/d - 0)?
8
Let i = 138 - 28. Let f = 114 + i. What is the units digit of f?
4
Suppose -246 = -5*o + 254. Let j = -25 + o. What is the tens digit of j?
7
Let o = -987 - -2403. What is the hundreds digit of o?
4
Let c(o) = -19*o + 10. Let r = -82 - -77. What is the tens digit of c(r)?
0
Let b = 22 - 18. Let v be (0 + -1)/(2/(-6)). Suppose b*w + 27 = 4*d - 25, -2*d + 11 = v*w. What is the tens digit of d?
1
What is the thousands digit of (-26)/39*(-14844)/4?
2
Suppose n + 2540 = j - 736, -5*n = -3*j + 9830. What is the tens digit of j?
7
Let j be 2 + -2 - 1 - -3. Suppose -j*a + 3*p + 383 = 0, -2*a + 3*p + 190 = -a. What is the units digit of a?
3
Suppose 4*s = 2*s - 2*a + 2, 0 = -2*s - a. Let b(p) = p + 1. Let o be b(s). Suppose 0*d + d - 30 = o. What is the tens digit of d?
3
Let b(m) be the third derivative of m**6/120 + m**5/6 - 5*m**4/12 - 17*m**3/6 - 15*m**2. What is the units digit of b(-9)?
4
Let c = 107 - 71. What is the units digit of 16/6*135/c?
0
Suppose -2*i + 13 = -5*r, r - 3 = -i - 0*r. What is the units digit of 669/4 - 1/i?
7
Let p(v) = 5*v**3 - 2*v**2 - 4*v + 3. Let l be p(4). Suppose 7*d + l = 12*d. What is the tens digit of d?
5
What is the hundreds digit of (-12613)/(-14) - 11/(-616)*4?
9
Let y(n) = -n**3 + 7*n**2 + 7*n + 1. Let c be y(9). Let d = 167 + c. What is the units digit of d?
9
Let o(g) = 31*g**3 - 2*g**2 + g + 2. Let z be o(2). Suppose 5*w - 5*t - 92 = 3*w, -5*t + z = 4*w. What is the tens digit of w?
5
Let y be (2322/(-4))/(8/(-16)). Suppose -20*w = -3119 - y. What is the hundreds digit of w?
2
Suppose 5*s + 4*f + 33 = 0, 2*f - 1 - 5 = 0. Let n be (-9 - s)/(-3 + 1). Suppose 5*j - u - 75 = n, -j - 1 = -0*j + 3*u. What is the tens digit of j?
1
Let l(b) be the second derivative of -2*b**3/3 - 7*b**2/2 - 11*b. What is the units digit of l(-4)?
9
Let g(b) = -b**3 - 6*b**2 - 6*b - 5. Let m be g(-5). Let l = 0 - m. Suppose x + 0*x - 25 = l. What is the tens digit of x?
2
Let k = 2 + -4. Suppose 3*z = -z - 56. What is the units digit of (z/4)/(k/12)?
1
Suppose 445*t - 421*t = 118368. What is the tens digit of t?
3
Let g(o) = o**2 + o - 13. Let i(y) = -y**2 + 7. Let a(b) = -3*g(b) - 5*i(b). Let n be a(4). Suppose 126 - n = 3*m. What is the tens digit of m?
3
Suppose -920 = -4*u - o - 3*o, -u = 4*o - 236. Suppose 3*r + u - 579 = 0. What is the units digit of r?
7
Let j = 237 + -355. Let q = 211 + j. What is the units digit of q?
3
Let c = 36 - 31. Suppose 3*r + s + 42 = 357, 0 = -c*s. What is the units digit of r?
5
What is the hundreds digit of ((-889)/(-14) - -2)*4?
2
Let h = -111 - 13. Let m = 137 + h. What is the units digit of m?
3
Let l(o) = -o**2 + 95*o - 237. What is the tens digit of l(47)?
1
Let a(d) be the first derivative of 3*d**2/2 + 13*d + 14. What is the units digit of a(16)?
1
Let n(h) = 2*h + 9. Let d be n(-4). Let p be 3 + (-1 - -16) + d. Let s = p - -9. What is the units digit of s?
8
Suppose -2*u - 3*c = -16, -7*c = -9*c. Let t(n) = 9*n + 19. Let h(y) = -37*y - 76. Let d(v) = 2*h(v) + 9*t(v). What is the units digit of d(u)?
5
Suppose -244*g = -233*g - 16500. What is the units digit of g?
0
Let i(b) = 11*b - 11*b**3 - 5*b**2 + 0*b**2 + 9 + 9*b**3. What is the tens digit of i(-5)?
7
Suppose 0 = 3*n + 4*n - 4347. What is the units digit of n?
1
Let y(v) = -11*v - 2 - 82*v**2 + 83*v**2 + 0. What is the tens digit of y(14)?
4
Suppose -3*a - 1357 + 3981 = 5*f, -2*f - 3542 = -4*a. What is the hundreds digit of a?
8
Let c be (-6 - -4 - -2) + 9. Let f be (-2)/(-6) - (-924)/c. Let z = f - 59. What is the units digit of z?
4
Suppose -z - 2 = -6. Suppose -z*w + 12 = 0, 67 = 2*g + 4*w - 131. What is the units digit of g?
3
Suppose 2*a - 12 = -5*g, -g = -0*a + 3*a - 5. Let j be 0 - (-1 - g) - -225. Suppose 7*i - 115 = j. What is the units digit of i?
9
Suppose 0 = -6*x + 7*x - 148. Suppose -5*c + 704 = -w + 3*w, -c - 4*w = -x. Suppose -199 = -3*k - 5*a, -2*k + a + c = -3*a. What is the units digit of k?
8
Let v(x) = -42*x - 287. What is the units digit of v(-16)?
5
Let l = -2 - -5. Suppose 5*w + 2*z = -0*w + 170, -2*w + l*z + 87 = 0. Let m = w + -21. What is the units digit of m?
5
Let f(p) = 38*p**3 - 4*p**2 + 3*p - 1. What is the units digit of f(2)?
3
Let r be (0 - 12/(-1))*(-9)/(-27). Suppose -r*n - 25 = -9*n, 4*a - n = 663. What is the hundreds digit of a?
1
Let z be (9 + 3)*3/12. Let m be z - (1*-22 - 3). Let n = 4 + m. What is t